-14
Evaluate 7 + -41 + -38 + -14 + 49.
-37
What is -71 + 22 + 115 + -43?
23
Calculate -176 + 236 - (74 - 8).
-6
What is the value of 9 + (-17 - (7 - 16 - 15))?
16
What is the value of -92 + (-90 - (104 + -289))?
3
What is the value of (-53 - (-26 - 2)) + 109 - (-3 + 1 - 10)?
96
Evaluate 29 + -31 + -30 + 69 + 16.
53
Calculate -48 + 1 + -2 + 1 + (34424 - 34435).
-59
-1 - 38 - (68 - 349 - -261)
-19
Calculate (-29 - (20 + -18 + 11 + -6)) + 9.
-27
(-27 - 22) + (0 - -1 - 10 - -5)
-53
Calculate 19 + (-4 - ((-13 + -8 - -5) + -1) - 4).
28
-210 + 84 - 1 - -156
29
Evaluate 46 - 45 - (-1 + 29 + -83 + 77).
-21
What is (1 - -5) + (-53 - -2 - (-387 - -370))?
-28
Calculate -116 - (61 + -132) - -76.
31
Calculate -57 - (-58 + -51 - -32).
20
What is 31 + 10 - (16 - (23 - 17))?
31
11 - (-12 + (-30 - -18) + 11)
24
Calculate 9 - -5 - (-14 + 27) - (-4 - 29).
34
What is the value of (359 - 398) + (-7 - -45)?
-1
What is the value of (-119 - -38) + 113 - (7 - -27)?
-2
What is the value of (-80 - -74) + (4 - 4 - 30)?
-36
What is the value of (-1 - -8 - (-7 + (24 - -18) + -1)) + 11?
-16
What is 27 + 0 + -1 + -15 + -91 - 10?
-90
-21 - (-5 - (20 + (-63 - -22)) - 16)
-21
What is the value of (-1 - 1) + (394 - 348)?
44
What is 7 + -12 - 4 - (-49 + 79 - 93)?
54
Calculate 14 + (11 - 32) + -6 + 6 + -18.
-25
What is the value of 6 - ((-4 + -6 - -6) + -2 + 1) - -62?
73
What is (62 - (-37 - -52)) + -77?
-30
What is the value of 0 + -3 - (-36 - (3 - 35)) - -69?
70
What is -1 + -38 + 33 - (-64 + -1)?
59
What is (10 - 12) + -7 + -10 - -35?
16
Evaluate (-9 + 21 - 10) + (-28 - -4) + 50.
28
What is -25 + 3 - (43 - (33 - 11))?
-43
Calculate 47 + -54 - (19 + 6).
-32
Evaluate (23 - 18) + -8 + 1 + -8 - (2 + 10).
-22
What is (7 - 3) + (-99 - -60)?
-35
Evaluate (0 - 25) + 511 + -537 + (3 - -22).
-26
What is the value of (-1056 - -1039 - (-18 + 0)) + (1 + -1 - 49)?
-48
-40 + -1 + 42 - (2 - 28)
27
What is the value of 201 + -174 + (-2 + 3 - 4 - -3) + -7?
20
What is the value of 2 - ((-43 - -18 - -11) + 1)?
15
(41 - 31) + (-2 - (42 - -2) - 5)
-41
Evaluate 4 + 28 - (-59 + 24 - 30).
97
What is -65 + 132 + (-16 - -36 - (0 - -1))?
86
-1 - -7 - (-6 + (2 - -2) + 3 + -13)
18
Evaluate (11 - (-7 + 13)) + -10 - (-5 + -9).
9
What is -13 + -5 + -3 + -1 + 5 - (12 + -24)?
-5
Evaluate (-61 - -5 - 6) + 56.
-6
What is (1 - 1) + 4 + 14 + (-30 - -55)?
43
7 - (37 - (-58 + 12) - (-3 - (-16 + 3)))
-66
What is the value of -160 - (-4 + -41 - -27 - 7)?
-135
(-2 + -2 + -2 + -1778 + 1840 - 1) + -5
50
(-5 - (0 - -3)) + 131 + -19 + -34
70
Evaluate (56 + -27 - 15) + -20.
-6
Evaluate (2 - 5 - -6) + (2 - (52 + -19)).
-28
Calculate -51 - (-5 + (4 - -17) - (-132 + 159)).
-40
Evaluate -62 + 9 + -3 + (4 - 4) + 3.
-53
What is the value of -44 + ((14 - 19) + 14 + -2 - -14)?
-23
Calculate -42 + 5 + -38 + 117.
42
5 + -15 - (-9 + (50 + -13 - 17))
-21
Calculate -9 + (-1 - -30 - 28 - (1 - 1) - 8).
-16
Evaluate 51 + 8 + -10 - (1 + -4 + (-24 - -18)).
58
What is the value of -36 - -110 - (-18 + 201)?
-109
What is the value of (452 + -462 - (7 - 0)) + (0 - -5)?
-12
What is (-75 + 29 + 60 - (-1 + 20)) + -46?
-51
28 - 17 - 83 - -65
-7
What is the value of -42 + 6 + (-216 - -247) + 46 + 2?
43
What is 10 + (3 + 8 + -4 - (-15 - -10 - 44))?
66
118 - (-40 - -78) - 42
38
-4 + 3 + -1 + -1 + -2 - (594 - 630)
31
What is the value of (-26 + -1 + 33 - 60) + -10?
-64
What is the value of -108 - (672 - 662 - (3 - -1))?
-114
What is -4 + 4 - (-55 - -41 - 1)?
15
Calculate -7 - (-21 - 31 - (1 - (-2 + -4))) - 8.
44
What is -24 + -17 + 53 + 66?
78
What is the value of -43 - (15 + (-1 + -2 - -19 - 27) + 5)?
-52
What is -1382 + 1277 - (4 - 29)?
-80
What is the value of -2 - -1 - 6 - (2 - 14) - (-87 + -39)?
131
What is the value of 74 - (42 + (-60 - -34) - (0 + 1))?
59
What is 24 + -12 + -22 - -13 - -7 - (23 - 0)?
-13
Calculate -57 - 7 - -45 - 49.
-68
Calculate (32 + -44 - -37) + 19.
44
5 - -11 - (7 - -4) - 14 - -6
-3
Calculate 9 - 7 - (-2 - 4) - (-72 - -134).
-54
What is 45 + (8 - 58) + 7?
2
What is the value of 84 - (108 - (-129 + 136))?
-17
What is (57 - (103 - 62)) + 15?
31
What is the value of 84 + -85 + (7 - -1) - (-10 - (0 + -3))?
14
What is the value of -7 + 6 + -1 + (2 - -4) + 58 + -58?
4
What is 0 - (35 + 27 + -73)?
11
What is 105 + -102 + -6 - 16?
-19
Evaluate -2 + 0 + -3 - (67 - ((-42 - -28) + 46)).
-40
What is 7 + -1 + 13 + -1 - (-53 + 1)?
70
23 - (88 - (20 - -54))
9
15 + 52 + (-14 - (11 + -10))
52
(-14 + 25 + 17 - 13 - 2) + -67 + -3
-57
Evaluate 6 + (-13 + -6 + -40 - 1).
-54
Calculate (-202 - (42 + -127)) + 228.
111
Calculate 353 + -352 - (2 - (-1 + -42 - (3 + 1))).
-48
What is (6 - 17) + 6 + (8 - (10 + -71 + 11))?
53
7 - (-1 + (-10 - (-69 - (-7 - -21))))
-65
Calculate -6 - (46 - (74 - 35)).
-13
Evaluate 402 + -370 + -85 + -3 + 7.
-49
What is 654 + -669 + (-3 - 30)?
-48
What is the value of (0 + -2 + -1 - (1 - -22)) + -1611 + 1601?
-36
(-28 + (34 - 15) - 110) + 36
-83
What is (-144 - -158) + 0 + 3 + (4 - 55)?
-34
Evaluate 21 - (-85 + 50 + 89).
-33
Calculate (37 - (56 - 28 - 17)) + 1.
27
What is 2 - 29 - ((-9 - (8 - 5)) + 3)?
-18
Evaluate 0 - (22 - 50) - 24.
4
Calculate (77 - 13) + -1 + -46.
17
Evaluate (6 - (-13 - -17)) + -4 - ((38 - 3) + 1).
-38
Evaluate -12 + 19 - ((-7 - 0) + 17 + -17).
14
Calculate -131 + (-149 - -27 - -153).
-100
Evaluate 10 - 21 - 3 - (-28 - -14).
0
(-6 - 0) + 4 + -52 + (14 - (12 - 5))
-47
Evaluate (20 + -22 + 2 - 6) + (-2 - -12) + -31.
-27
Calculate 0 - -23 - (-34 + 31 + 68 + 38).
-80
Evaluate 17 + -9 + (-3 + -9 - (-18 - -14)).
0
-789 - -776 - ((-1 - -2) + 14)
-28
What is the value of 7 - 16 - -2 - (-11 - 0 - 6 - -8)?
2
What is the value of 118 - -13 - ((-12 - 5) + 60 + -21)?
109
Evaluate -1114 + 1109 - (-2 - -4 - -13).
-20
-49 + (-122 - (-242 - -127))
-56
What is -137 + (-2 - (-1 - 0)) + -1 + (-213865 - -213856)?
-148
Evaluate -6 + 3 + 1 + -39 + 36 + -5 - -37.
27
What is -88 + 15 + -11 - (33 - 38)?
-79
-83 - -82 - ((0 - -4) + -2 - 5)
2
What is 10 - (-19 + 1 + (-61 - -50 - -45))?
-6
Calculate (166 + -310 - -112) + (-3 - -2) + -17.
-50
Calculate (-35 + -7 - -34) + -3.
-11
Calculate 42 + -53 - -22 - 55.
-44
Calculate 15 + (22 - -5) + (4 - (-3 + 7 - -2)).
40
-10 + 0 + (60 - 7 - (-6 + -3))
52
-9 + 2 + -1 - (36 + -26 + -4)
-14
What is (14 - (4 + 0)) + -261 + 290?
39
Calculate 5 + (8 + -2 - 3) + 120 + 2 + -128.
2
What is the value of -6 + 39 - (-298 - -390)?
-59
Calculate -71 + (137 - (113 + -73)).
26
-46 - (0 + 2 + (-16 - (8 - 18)))
-42
What is 4 + 56 + -47 + -6?
7
What is -93 - (86 - (45 + 54))?
-80
Evaluate (130 - (154 + -77)) + 0 + (12 - 3) + -1.
61
What is (-24 - -21) + (2 - -12) - (6 + -6 + -22)?
33
Calculate (1 - 0) + -19 + (-180 - -218) + (-6 - 6).
8
What is 82 - (19 - (37 - (-10 - (2 + -15))))?
97
What is the value of 155 + (59 - 201) - (1 + (3 - 3) - -81)?
-69
What is the value of -13 + (0 - -10) + (56 + -95 - -29) - -100?
87
What is (151 - (-3 - -7)) + -12 + 13 + (-13 - -3)?
138
Calculate (13 - 3 - (53 + -118 + 76)) + -67.
-68
-3 - -27 - (-9 + 15 - (3 + 3 - 4))
20
What is the value of -13 - (-27 + 6 - (37 - -70)) - -1?
116
What is ((-2 - (-25 + 17)) + -12 - 0) + -83?
-89
Evaluate -15 + 2 - (-84 + -13 + 18 + 1).
65
What is the value of -4 - (0 - -1) - (-87 + 97 + 22 + -57)?
20
What is (123 - (41 - -67)) + 21 + 1?
37
-6 - (6 - 65 - (-10 - -1) - -5)
39
What is the value of -131 + (58 - -13 - 39) + (-18 - 3)?
-120
What is the value of 12 - (7 + -37 + 9) - 13?
20
What is 24 + -12 + (9 - 8) + -14 + -2 + -5?
-8
Evaluate 0 + -8 + (487 - 471) + -2 + -50.
-44
Calculate 1 - (1 - -52 - 1 - ((-153 - -185) + -29)).
-48
What is the value of (42 - 33 - -28) + -63?
-26
Evaluate 12 + 21 + -38 + 13 - (8 - 0).
0
Calculate 66 - (0 + 2 + (-635 + 650 - (0 + 8))).
57
What is 17 + (-23 - 7) + -1 + 5?
-9
1 + -92 + -36 + -51 + 54 + 17
-107
What is (-18 - -7) + (-31 - -21) - 4?
-25
Calculate -6 + (178 - (25 + (-8 - -16))).
139
Calculate 6 + (9 + -1 - -5) + (-116 - 8) + 14.
-91
What is -91 + 81 + -39 + 86?
37
What is the value of -6 + -9 - (29 - 48 - -23)?
-19
Calculate -78 - ((3 - (9 + -7)) + -4) - (-5 + 11).
-81
Calculate (20 - -2 - (3 - -35)) + 14.
-2
What is (-3 - 27) + (-32 - -14) - (2 + 0 + -3)?
-47
What is (1 - (0 - 0)) + 103 + -185 + 91?
10
1 + -21 - (-112 + 80 - -46)
-34
1 + -18 - (98 - 79 - (4 - -10))
-22
Calculate -11 - (22 + -21 - -5